{"id":40619,"date":"2024-01-04T10:34:50","date_gmt":"2024-01-04T15:34:50","guid":{"rendered":"https:\/\/famaliving.ca\/product\/chaise-gossip-la-caracola\/"},"modified":"2025-04-29T14:23:28","modified_gmt":"2025-04-29T18:23:28","slug":"chaise-gossip-la-caracola","status":"publish","type":"product","link":"https:\/\/famaliving.ca\/fr\/produit\/chaise-gossip-la-caracola\/","title":{"rendered":"Chaise Gossip La Caracola"},"content":{"rendered":"\t\t<div data-elementor-type=\"wp-post\" data-elementor-id=\"40619\" class=\"elementor elementor-40619 elementor-9112\" data-elementor-post-type=\"product\">\n\t\t\t\t<div class=\"elementor-element elementor-element-0b2dca1 e-flex e-con-boxed e-con e-parent\" data-id=\"0b2dca1\" data-element_type=\"container\" data-e-type=\"container\">\n\t\t\t\t\t<div class=\"e-con-inner\">\n\t\t\t\t<div class=\"elementor-element elementor-element-d39cbe2 elementor-widget elementor-widget-accordion\" data-id=\"d39cbe2\" data-element_type=\"widget\" data-e-type=\"widget\" data-widget_type=\"accordion.default\">\n\t\t\t\t\t\t<div class=\"elementor-widget-container\">\n\t\t\t\t\t\t\t<div class=\"elementor-accordion\">\n\t\t\t\t\t\t\t<div class=\"elementor-accordion-item\">\n\t\t\t\t\t<div id=\"elementor-tab-title-2211\" class=\"elementor-tab-title\" data-tab=\"1\" role=\"button\" aria-controls=\"elementor-tab-content-2211\" aria-expanded=\"false\">\n\t\t\t\t\t\t\t\t\t\t\t\t\t<span class=\"elementor-accordion-icon elementor-accordion-icon-left\" aria-hidden=\"true\">\n\t\t\t\t\t\t\t\t\t\t\t\t\t\t\t<span class=\"elementor-accordion-icon-closed\"><svg class=\"e-font-icon-svg e-fas-plus\" viewBox=\"0 0 448 512\" xmlns=\"http:\/\/www.w3.org\/2000\/svg\"><path d=\"M416 208H272V64c0-17.67-14.33-32-32-32h-32c-17.67 0-32 14.33-32 32v144H32c-17.67 0-32 14.33-32 32v32c0 17.67 14.33 32 32 32h144v144c0 17.67 14.33 32 32 32h32c17.67 0 32-14.33 32-32V304h144c17.67 0 32-14.33 32-32v-32c0-17.67-14.33-32-32-32z\"><\/path><\/svg><\/span>\n\t\t\t\t\t\t\t\t<span class=\"elementor-accordion-icon-opened\"><svg class=\"e-font-icon-svg e-fas-minus\" viewBox=\"0 0 448 512\" xmlns=\"http:\/\/www.w3.org\/2000\/svg\"><path d=\"M416 208H32c-17.67 0-32 14.33-32 32v32c0 17.67 14.33 32 32 32h384c17.67 0 32-14.33 32-32v-32c0-17.67-14.33-32-32-32z\"><\/path><\/svg><\/span>\n\t\t\t\t\t\t\t\t\t\t\t\t\t\t<\/span>\n\t\t\t\t\t\t\t\t\t\t\t\t<a class=\"elementor-accordion-title\" tabindex=\"0\">Configuration and Downloads<\/a>\n\t\t\t\t\t<\/div>\n\t\t\t\t\t<div id=\"elementor-tab-content-2211\" class=\"elementor-tab-content elementor-clearfix\" data-tab=\"1\" role=\"region\" aria-labelledby=\"elementor-tab-title-2211\">Download the technical documentation: schematics, measurements, technical details, brochures, and manuals.\n<ul>\n<li><a href='https:\/\/famaliving.ca\/wp-content\/uploads\/sites\/29\/La-Caracola-Data-sheet-famaliving-Montreal.pdf' target='_blank' rel='noopener noreferrer'> La Caracola &#8211; Data sheet <\/a><\/li>\n<li><a href='https:\/\/famaliving.ca\/wp-content\/uploads\/sites\/29\/La-Caracola-Sketch-famaliving-Montreal.pdf' target='_blank' rel='noopener noreferrer'> La Caracola &#8211; Sketch <\/a><\/li>\n<li><a href='https:\/\/famaliving.ca\/wp-content\/uploads\/sites\/29\/La-Caracola-Instructions-famaliving-Montreal.pdf' target='_blank' rel='noopener noreferrer'> La Caracola &#8211; Instructions <\/a><\/li>\n<\/ul>\n<strong>Explore La Caracola configurability with our <a href='\/fama-3d-sim\/' target='_blank' rel='noopener'>3D Design Simulation&gt;&gt;<\/a><\/strong><\/div>\n\t\t\t\t<\/div>\n\t\t\t\t\t\t\t<div class=\"elementor-accordion-item\">\n\t\t\t\t\t<div id=\"elementor-tab-title-2212\" class=\"elementor-tab-title\" data-tab=\"2\" role=\"button\" aria-controls=\"elementor-tab-content-2212\" aria-expanded=\"false\">\n\t\t\t\t\t\t\t\t\t\t\t\t\t<span class=\"elementor-accordion-icon elementor-accordion-icon-left\" aria-hidden=\"true\">\n\t\t\t\t\t\t\t\t\t\t\t\t\t\t\t<span class=\"elementor-accordion-icon-closed\"><svg class=\"e-font-icon-svg e-fas-plus\" viewBox=\"0 0 448 512\" xmlns=\"http:\/\/www.w3.org\/2000\/svg\"><path d=\"M416 208H272V64c0-17.67-14.33-32-32-32h-32c-17.67 0-32 14.33-32 32v144H32c-17.67 0-32 14.33-32 32v32c0 17.67 14.33 32 32 32h144v144c0 17.67 14.33 32 32 32h32c17.67 0 32-14.33 32-32V304h144c17.67 0 32-14.33 32-32v-32c0-17.67-14.33-32-32-32z\"><\/path><\/svg><\/span>\n\t\t\t\t\t\t\t\t<span class=\"elementor-accordion-icon-opened\"><svg class=\"e-font-icon-svg e-fas-minus\" viewBox=\"0 0 448 512\" xmlns=\"http:\/\/www.w3.org\/2000\/svg\"><path d=\"M416 208H32c-17.67 0-32 14.33-32 32v32c0 17.67 14.33 32 32 32h384c17.67 0 32-14.33 32-32v-32c0-17.67-14.33-32-32-32z\"><\/path><\/svg><\/span>\n\t\t\t\t\t\t\t\t\t\t\t\t\t\t<\/span>\n\t\t\t\t\t\t\t\t\t\t\t\t<a class=\"elementor-accordion-title\" tabindex=\"0\">About the Product<\/a>\n\t\t\t\t\t<\/div>\n\t\t\t\t\t<div id=\"elementor-tab-content-2212\" class=\"elementor-tab-content elementor-clearfix\" data-tab=\"2\" role=\"region\" aria-labelledby=\"elementor-tab-title-2212\"><p><strong>Q: What is the Gossip Chair La Caracola?<\/strong><br \/>A: The La Caracola is a unique gossip chair from Famaliving, designed for intimate conversations and comfortable seating. With its dual-seat configuration, this chair is perfect for shared moments, offering both style and functionality in a modern, elegant design.<\/p><p><strong>Q: What makes the La Caracola gossip chair unique?<\/strong><br \/>A: The La Caracola chair stands out for its two-seat design, where each seat is slightly angled, allowing for easy conversation between two people. This \u00ab\u00a0gossip chair\u00a0\u00bb is not only a practical seating solution but also a statement piece that adds a playful yet stylish touch to any room.<\/p><p><strong>Q: Can I customize the La Caracola chair with accessories?<\/strong><br \/>A: Yes, the La Caracola is highly customizable. You can choose from over 500 fabric options, ranging from bold colors to elegant patterns. Additionally, you can add matching cushions to enhance the comfort and style of the chair.<\/p><p><strong>Q: What are the seating features of the La Caracola chair?<\/strong><br \/>A: The La Caracola offers comfortable seating with plush cushions and supportive backrests. The chair\u2019s unique design is ideal for cozy conversations or relaxing with a friend or loved one.<\/p><p><strong>Q: Are there different leg options for the La Caracola chair?<\/strong><br \/>A: The default leg options for the La Caracola chair are sleek metal, which complements its modern design. However, you can also choose different finishes and materials to match your interior style.<\/p><p><strong>Q: What are the dimensions of the La Caracola chair?<\/strong><br \/>A: The seat height is 44 cm (17.32 in), with a total depth of 85 cm (33.46 in) and a total height of 95 cm (37.4 in).<\/p><p><strong>Q: Is leather upholstery available for the La Caracola chair?<\/strong><br \/>A: Yes, leather upholstery is available for the La Caracola chair, though it comes at an additional cost. You can also select from a wide variety of fabric options to suit your decor and preferences.<\/p><p><strong>Q: How can I personalize the La Caracola chair?<\/strong><br \/>A: The La Caracola chair offers extensive customization options. You can choose from different fabrics, colors, and leg finishes, and add accessories like decorative cushions to create a unique and personalized look that complements your home.<\/p><\/div>\n\t\t\t\t<\/div>\n\t\t\t\t\t\t\t<div class=\"elementor-accordion-item\">\n\t\t\t\t\t<div id=\"elementor-tab-title-2213\" class=\"elementor-tab-title\" data-tab=\"3\" role=\"button\" aria-controls=\"elementor-tab-content-2213\" aria-expanded=\"false\">\n\t\t\t\t\t\t\t\t\t\t\t\t\t<span class=\"elementor-accordion-icon elementor-accordion-icon-left\" aria-hidden=\"true\">\n\t\t\t\t\t\t\t\t\t\t\t\t\t\t\t<span class=\"elementor-accordion-icon-closed\"><svg class=\"e-font-icon-svg e-fas-plus\" viewBox=\"0 0 448 512\" xmlns=\"http:\/\/www.w3.org\/2000\/svg\"><path d=\"M416 208H272V64c0-17.67-14.33-32-32-32h-32c-17.67 0-32 14.33-32 32v144H32c-17.67 0-32 14.33-32 32v32c0 17.67 14.33 32 32 32h144v144c0 17.67 14.33 32 32 32h32c17.67 0 32-14.33 32-32V304h144c17.67 0 32-14.33 32-32v-32c0-17.67-14.33-32-32-32z\"><\/path><\/svg><\/span>\n\t\t\t\t\t\t\t\t<span class=\"elementor-accordion-icon-opened\"><svg class=\"e-font-icon-svg e-fas-minus\" viewBox=\"0 0 448 512\" xmlns=\"http:\/\/www.w3.org\/2000\/svg\"><path d=\"M416 208H32c-17.67 0-32 14.33-32 32v32c0 17.67 14.33 32 32 32h384c17.67 0 32-14.33 32-32v-32c0-17.67-14.33-32-32-32z\"><\/path><\/svg><\/span>\n\t\t\t\t\t\t\t\t\t\t\t\t\t\t<\/span>\n\t\t\t\t\t\t\t\t\t\t\t\t<a class=\"elementor-accordion-title\" tabindex=\"0\">Product Options<\/a>\n\t\t\t\t\t<\/div>\n\t\t\t\t\t<div id=\"elementor-tab-content-2213\" class=\"elementor-tab-content elementor-clearfix\" data-tab=\"3\" role=\"region\" aria-labelledby=\"elementor-tab-title-2213\"><\/div>\n\t\t\t\t<\/div>\n\t\t\t\t\t\t\t\t<\/div>\n\t\t\t\t\t\t<\/div>\n\t\t\t\t<\/div>\n\t\t\t\t\t<\/div>\n\t\t\t\t<\/div>\n\t\t<div class=\"elementor-element elementor-element-eda2744 e-flex e-con-boxed e-con e-parent\" data-id=\"eda2744\" data-element_type=\"container\" data-e-type=\"container\">\n\t\t\t\t\t<div class=\"e-con-inner\">\n\t\t\t\t\t<\/div>\n\t\t\t\t<\/div>\n\t\t\t\t<\/div>\n\t\t","protected":false},"excerpt":{"rendered":"<p>Table de lecture ? Une chaise d&rsquo;entr\u00e9e ? Table t\u00e9l\u00e9phonique ? M\u00eame si ce slogan n&rsquo;est peut-\u00eatre plus aussi pertinent dans le contexte actuel, quinze ans apr\u00e8s son introduction, La Caracola a d\u00e9j\u00e0 consolid\u00e9 son statut de classique intemporel du mobilier rembourr\u00e9. Son design reste r\u00e9solument moderne et actuel.<\/p>\n<p>L&rsquo;ajout d&rsquo;un bras de table am\u00e9liore non seulement sa fonctionnalit\u00e9, mais contribue \u00e9galement \u00e0 son apparence attrayante et distinctive.<\/p>\n","protected":false},"featured_media":35111,"template":"","meta":{"_acf_changed":false,"site-sidebar-layout":"no-sidebar","site-content-layout":"plain-container","ast-site-content-layout":"normal-width-container","site-content-style":"unboxed","site-sidebar-style":"unboxed","ast-global-header-display":"","ast-banner-title-visibility":"","ast-main-header-display":"","ast-hfb-above-header-display":"","ast-hfb-below-header-display":"","ast-hfb-mobile-header-display":"","site-post-title":"disabled","ast-breadcrumbs-content":"","ast-featured-img":"disabled","footer-sml-layout":"","ast-disable-related-posts":"","theme-transparent-header-meta":"default","adv-header-id-meta":"","stick-header-meta":"default","header-above-stick-meta":"","header-main-stick-meta":"","header-below-stick-meta":"","astra-migrate-meta-layouts":"set","ast-page-background-enabled":"default","ast-page-background-meta":{"desktop":{"background-color":"var(--ast-global-color-4)","background-image":"","background-repeat":"repeat","background-position":"center center","background-size":"auto","background-attachment":"scroll","background-type":"","background-media":"","overlay-type":"","overlay-color":"","overlay-opacity":"","overlay-gradient":""},"tablet":{"background-color":"","background-image":"","background-repeat":"repeat","background-position":"center center","background-size":"auto","background-attachment":"scroll","background-type":"","background-media":"","overlay-type":"","overlay-color":"","overlay-opacity":"","overlay-gradient":""},"mobile":{"background-color":"","background-image":"","background-repeat":"repeat","background-position":"center center","background-size":"auto","background-attachment":"scroll","background-type":"","background-media":"","overlay-type":"","overlay-color":"","overlay-opacity":"","overlay-gradient":""}},"ast-content-background-meta":{"desktop":{"background-color":"var(--ast-global-color-5)","background-image":"","background-repeat":"repeat","background-position":"center center","background-size":"auto","background-attachment":"scroll","background-type":"","background-media":"","overlay-type":"","overlay-color":"","overlay-opacity":"","overlay-gradient":""},"tablet":{"background-color":"var(--ast-global-color-5)","background-image":"","background-repeat":"repeat","background-position":"center center","background-size":"auto","background-attachment":"scroll","background-type":"","background-media":"","overlay-type":"","overlay-color":"","overlay-opacity":"","overlay-gradient":""},"mobile":{"background-color":"var(--ast-global-color-5)","background-image":"","background-repeat":"repeat","background-position":"center center","background-size":"auto","background-attachment":"scroll","background-type":"","background-media":"","overlay-type":"","overlay-color":"","overlay-opacity":"","overlay-gradient":""}}},"product_brand":[],"product_cat":[72],"product_tag":[79,81],"class_list":{"0":"post-40619","1":"product","2":"type-product","3":"status-publish","4":"has-post-thumbnail","6":"product_cat-fauteuils-et-inclinaisons","7":"product_tag-a-partir-de","8":"product_tag-moderne","9":"desktop-align-center","10":"tablet-align-left","11":"mobile-align-left","13":"first","14":"instock","15":"sold-individually","16":"shipping-taxable","17":"purchasable","18":"product-type-variable"},"acf":[],"_links":{"self":[{"href":"https:\/\/famaliving.ca\/fr\/wp-json\/wp\/v2\/product\/40619","targetHints":{"allow":["GET"]}}],"collection":[{"href":"https:\/\/famaliving.ca\/fr\/wp-json\/wp\/v2\/product"}],"about":[{"href":"https:\/\/famaliving.ca\/fr\/wp-json\/wp\/v2\/types\/product"}],"version-history":[{"count":1,"href":"https:\/\/famaliving.ca\/fr\/wp-json\/wp\/v2\/product\/40619\/revisions"}],"predecessor-version":[{"id":41575,"href":"https:\/\/famaliving.ca\/fr\/wp-json\/wp\/v2\/product\/40619\/revisions\/41575"}],"wp:featuredmedia":[{"embeddable":true,"href":"https:\/\/famaliving.ca\/fr\/wp-json\/wp\/v2\/media\/35111"}],"wp:attachment":[{"href":"https:\/\/famaliving.ca\/fr\/wp-json\/wp\/v2\/media?parent=40619"}],"wp:term":[{"taxonomy":"product_brand","embeddable":true,"href":"https:\/\/famaliving.ca\/fr\/wp-json\/wp\/v2\/product_brand?post=40619"},{"taxonomy":"product_cat","embeddable":true,"href":"https:\/\/famaliving.ca\/fr\/wp-json\/wp\/v2\/product_cat?post=40619"},{"taxonomy":"product_tag","embeddable":true,"href":"https:\/\/famaliving.ca\/fr\/wp-json\/wp\/v2\/product_tag?post=40619"}],"curies":[{"name":"wp","href":"https:\/\/api.w.org\/{rel}","templated":true}]}}

<p>Table de lecture ? Une chaise d&rsquo;entrée ? Table téléphonique ? Même si ce slogan n&rsquo;est peut-être plus aussi pertinent dans le contexte actuel, quinze ans après son introduction, La Caracola a déjà consolidé son statut de classique intemporel du mobilier rembourré. Son design reste résolument moderne et actuel.</p>
<p>L&rsquo;ajout d&rsquo;un bras de table améliore non seulement sa fonctionnalité, mais contribue également à son apparence attrayante et distinctive.</p>
